s 80 a factor of 298965517?
False
Does 326 divide 1901491496?
True
Is 518101452 a multiple of 16?
False
Is 42875953 a multiple of 38?
False
Does 19 divide 9918969?
True
Is 726 a factor of 9694721?
False
Is 705 a factor of 65306970?
True
Is 348026585 a multiple of 101?
False
Does 628 divide 2046209975?
False
Does 112 divide 52682784?
True
Is 87691578 a multiple of 39?
True
Is 1523 a factor of 41070817?
False
Is 3 a factor of 100651?
False
Is 6991210 a multiple of 314?
True
Is 41 a factor of 7783870?
False
Is 27676086 a multiple of 41?
False
Is 15 a factor of 31580386?
False
Is 508 a factor of 1718056?
True
Is 25 a factor of 399890407?
False
Is 264124455 a multiple of 43?
False
Is 73327248 a multiple of 1893?
True
Is 72 a factor of 421199248?
False
Does 16 divide 232602781?
False
Is 64315500 a multiple of 795?
True
Is 2360 a factor of 29861725?
False
Is 15 a factor of 40620?
True
Is 915662963 a multiple of 8?
False
Does 3 divide 515561?
False
Is 10 a factor of 148508209?
False
Is 356233543 a multiple of 43?
True
Does 1600 divide 4326806898?
False
Is 959792399 a multiple of 18?
False
Does 341 divide 73766484?
True
Is 64884596 a multiple of 316?
True
Is 453079139 a multiple of 207?
False
Is 780 a factor of 30550260?
True
Is 20 a factor of 49123160?
True
Is 278578482 a multiple of 182?
True
Is 81 a factor of 304854192?
True
Is 141490159 a multiple of 2255?
False
Does 7722 divide 496709928?
True
Does 143 divide 19215053?
True
Is 7 a factor of 18765370?
False
Is 149374960 a multiple of 1390?
True
Is 6 a factor of 58507355?
False
Is 424 a factor of 344673178?
False
Is 176888556 a multiple of 171?
True
Is 195306108 a multiple of 3498?
False
Is 41419147 even?
False
Is 993859351 a multiple of 34?
False
Does 2076 divide 9813252?
True
Is 72884184 a multiple of 24?
True
Does 3561 divide 2142760530?
True
Is 173501082 a multiple of 918?
True
Is 26785798 a multiple of 158?
False
Is 1705 a factor of 1439801063?
False
Does 25 divide 168066400?
True
Does 159 divide 24859092?
False
Is 1309582444 a multiple of 79?
False
Does 125 divide 19098625?
True
Does 71 divide 93105424?
True
Does 120 divide 22519734?
False
Is 431454675 a multiple of 7?
False
Is 1479 a factor of 180912704?
False
Is 48444318 a multiple of 54?
True
Is 8 a factor of 9685693?
False
Is 7 a factor of 230626585?
True
Is 472744 a multiple of 20?
False
Does 391 divide 32635360?
False
Does 15 divide 2551003455?
True
Is 565767795 a multiple of 240?
False
Is 1287 a factor of 87275304?
False
Is 104301001 a multiple of 2433?
False
Is 2027579725 a multiple of 4264?
False
Does 239 divide 23207856?
True
Is 116 a factor of 8469462?
False
Does 19 divide 216372653?
False
Is 178900034 a multiple of 31?
False
Does 58 divide 19758188?
False
Does 47 divide 1680434663?
True
Does 70 divide 31221820?
True
Is 625 a factor of 49577826?
False
Is 800999089 a multiple of 20?
False
Does 181 divide 69889530?
True
Does 1191 divide 79993515?
True
Is 6893424 a multiple of 9?
True
Is 197040410 a multiple of 190?
False
Does 4704 divide 911889216?
True
Does 14 divide 14674880?
False
Is 15 a factor of 66444030?
True
Is 24 a factor of 28747063?
False
Does 215 divide 49173548?
False
Is 747270114 a multiple of 114?
True
Is 10 a factor of 24449680?
True
Is 575079957 a multiple of 6170?
False
Is 4720205 a multiple of 507?
False
Is 10 a factor of 517159350?
True
Does 40 divide 559287911?
False
Does 3105 divide 394241850?
True
Is 342917998 a multiple of 351?
False
Is 3765 a factor of 94580565?
True
Does 18 divide 151145712?
True
Is 648 a factor of 28899504?
True
Does 17 divide 59284202?
True
Does 31 divide 29253709?
False
Is 17044050 a multiple of 74?
True
Is 2299 a factor of 4117509?
True
Is 53 a factor of 25472392?
False
Is 306236364 a multiple of 268?
True
Does 31 divide 287007567?
False
Is 30 a factor of 889407810?
True
Is 172407081 a multiple of 3?
True
Does 47 divide 589575176?
False
Is 18 a factor of 121564764?
True
Is 36 a factor of 86273064?
True
Is 43 a factor of 567214677?
True
Is 13 a factor of 230215635?
True
Does 4205 divide 83872930?
True
Does 782 divide 59353200?
False
Does 54 divide 13651149?
False
Is 99247648 a multiple of 32?
True
Is 2107 a factor of 879809455?
True
Is 25 a factor of 74382417?
False
Does 17 divide 1638449426?
True
Is 20180056 a multiple of 1231?
False
Does 8 divide 1225683?
False
Is 152 a factor of 9606856?
True
Is 351 a factor of 1073311668?
True
Does 13 divide 24634641?
False
Is 25 a factor of 53799337?
False
Is 52170723 a multiple of 2105?
False
Does 104 divide 62548416?
False
Is 3 a factor of 690418?
False
Is 186342772 a multiple of 4?
True
Does 35 divide 1228336169?
False
Does 182 divide 2990101842?
True
Does 13 divide 430010594?
True
Is 54059733 a multiple of 200?
False
Is 6299502 a multiple of 363?
True
Is 1180 a factor of 331121066?
False
Is 514301882 a multiple of 431?
False
Is 47724170 a multiple of 130?
True
Is 6467 a factor of 119484292?
True
Is 16 a factor of 16887696?
True
Is 1535480179 a multiple of 191?
False
Is 250752 a multiple of 95?
False
Is 37 a factor of 15764664?
True
Is 624869610 a multiple of 30?
True
Does 320 divide 1520886720?
True
Does 53 divide 114817292?
True
Is 999108126 a multiple of 349?
True
Is 147960872 a multiple of 3497?
False
Is 160898034 a multiple of 399?
False
Is 677 a factor of 160159244?
True
Is 11032140 a multiple of 222?
False
Does 64 divide 108389058?
False
Is 480 a factor of 4283490?
False
Does 53 divide 941367874?
True
Is 366 a factor of 650772156?
True
Is 880965963 a multiple of 5813?
True
Does 715 divide 1201988615?
False
Is 90 a factor of 3360275?
False
Is 92 a factor of 201150272?
True
Does 2674 divide 1498105826?
True
Is 249 a factor of 1342371315?
False
Does 14 divide 288187872?
True
Is 403528586 a multiple of 4142?
False
Is 17307019 a multiple of 2568?
False
Is 404633189 a multiple of 7411?
True
Is 1342 a factor of 4085048?
True
Does 186 divide 81720687?
False
Does 193 divide 173811168?
True
Is 642444010 a multiple of 746?
True
Does 2558 divide 460662497?
False
Is 186035453 a multiple of 7?
False
Does 2046 divide 271402136?
False
Is 560324565 a multiple of 156?
False
Is 47422444 a multiple of 2?
True
Does 811 divide 896428406?
False
Is 203277960 a multiple of 2367?
True
Is 105427671 a multiple of 50?
False
Is 268 a factor of 17392396?
True
Does 4 divide 158036356?
True
Is 33597009 a multiple of 8?
False
Does 50 divide 134807900?
True
Is 433340208 a multiple of 19?
False
Is 85614034 a multiple of 3328?
False
Is 97377785 a multiple of 16?
False
Does 3 divide 1010927?
False
Is 280888232 a multiple of 776?
False
Is 163712702 a multiple of 10?
False
Is 2 a factor of 180826356?
True
Is 3560723738 a multiple of 11869?
True
Is 271626102 a multiple of 74?
True
Is 423629548 a multiple of 3772?
True
Is 1202 a factor of 18307662?
True
Is 41140579 a multiple of 12?
False
Does 3 divide 186188812?
False
Does 19 divide 13160540?
True
Is 308096685 a multiple of 741?
True
Is 87 a factor of 490002008?
False
Is 11 a factor of 32212554?
True
Is 63937960 a multiple of 1552?
False
Does 1472 divide 73542592?
True
Is 928084391 a multiple of 13?
True
Is 616 a factor of 9361352?
True
Is 129167140 a multiple of 1940?
True
Is 2119 a factor of 36082332?
True
Does 1612 divide 1574801488?
True
Is 463 a factor of 66460151?
False
Is 29230608 a multiple of 253?
True
Is 240814182 a multiple of 42?
True
Does 422 divide 127985004?
True
Does 91 divide 135295615?
True
Is 23 a factor of 653783180?
False
Is 795755149 a multiple of 190?
False
Is 6297 a factor of 1904666665?
False
Is 588409083 a multiple of 17?
True
Does 242 divide 1874636?
False
Does 9 divide 12067822?
False
Is 223144416 a multiple of 4?
True
Is 720197728 a multiple of 4865?
False
Does 49 divide 113200435?
False
Is 543615282 a multiple of 19?
False
Is 947 a factor of 148423952?
False
Is 81134935 a multiple of 14?
False
Does 1313 divide 1225256149?
True
Is 25 a factor of 28455125?
True
Does 15 divide 1685549178?
False
Is 92855560 a multiple of 802?
True
Is 216 a factor of 432114696?
True
Is 348286150 a multiple of 1681?
False
Is 7496680 a multiple of 19?
False
Does 8 divide 468813504?
True
Is 42 a factor of 21490308?
True
Does 49 divide 3266144?
True
Does 15 divide 1736055?
True
Is 20 a factor of 13104960?
True
Is 8490940 a